9)/(-65). Calculate c(o).
-3
Let m(c) = 3*c - 2. Let w(b) = -b - 8. Let z be w(-12). What is m(z)?
10
Let j(a) = a**2 - a + 5. Suppose 0 = -2*v - 4*f + 4, 0 = -f - 0*f - 1. Calculate j(v).
17
Let j(k) = -k**2 - 6*k - 4. Suppose -4*y = 3*m, 2*m + 5 + 6 = y. Let p be 8/(-36) + (-16)/9. Let b = p - y. Calculate j(b).
1
Let z(s) = s - 1. Let d be z(4). Suppose 0 = -3*h - h + 4. Let p(j) = 1 + 2*j + h - d. Calculate p(4).
7
Let x(d) be the third derivative of d**2 + 1/120*d**6 + 1/60*d**5 - 1/6*d**3 + 0 + 0*d**4 + 0*d. Let m be 6/(-4) + (-1)/2. Give x(m).
-5
Let k = 127 + -120. Let r(v) = 3*v - 3. Give r(k).
18
Let v(d) = -7*d**2 + 3*d - 7. Let a(c) = 4*c**2 - 2*c + 4. Let s(o) = -5*a(o) - 3*v(o). Suppose 3*u + 15 = 0, -2*i - 2*u = 19 - 3. Calculate s(i).
7
Suppose -5*j + 2*m - 8 = 0, 0*j = -2*j - 5*m + 20. Let a(h) = h - 8. Calculate a(j).
-8
Suppose -4*a - 3 + 11 = 0, -3*a = r - 10. Suppose -t - r - 2 = 0. Let m = 3 + t. Let i(n) = 2*n + 4. Determine i(m).
-2
Let z(i) = 2*i**2 + 5*i - 6. Let n(k) be the third derivative of k**5/20 + k**4/3 - 3*k**3/2 - 3*k**2. Let a(r) = -5*n(r) + 8*z(r). Give a(3).
6
Suppose o - 2*a = 0, -2*o - 2 = -5*a - 0. Suppose -o*x + 1 - 5 = 0. Let z(w) = 12*w**3 + w**2 - 1. Calculate z(x).
-12
Let n be (3/6 - (-21)/(-6))*1. Let y(j) = 2*j**2 + 2*j - 2. Determine y(n).
10
Let q(h) = h + 5. Let r(d) = 5*d + 26. Let i(y) = 11*q(y) - 2*r(y). Give i(-5).
-2
Let i(b) = -b - 1. Let a(r) = -4*r - 3. Let w(c) = a(c) - 2*i(c). Calculate w(-1).
1
Let n be 36/10*(-15)/(-6). Suppose 4*k + h = -0*h + n, k - 4*h = -19. Suppose -r + 3 = -k. Let b(c) = c**2 - 5. Give b(r).
11
Let v(m) = -m**2 - 10*m + 8. Let n be v(-10). Let u = n + -7. Let r(l) = -4*l**2 - 7*l + 1. Let h(y) = -y. Let g(b) = 5*h(b) - r(b). Calculate g(u).
5
Let r(o) be the third derivative of 7/24*o**4 + 0 - 1/15*o**5 + 0*o - 1/120*o**6 - o**2 + o**3. Suppose -4*a - 6*s = -s - 5, 0 = -5*s + 25. Determine r(a).
-4
Let t(x) be the third derivative of -x**7/1260 + x**6/180 + x**5/120 + x**4/8 + 6*x**2. Let d(v) be the second derivative of t(v). What is d(3)?
-5
Let p(o) = o**3 - 7*o**2 + 6*o - 5. Let i be (-1)/(1/(-3)) - -4. Suppose 4 = w - t, -2*w + i = -w - 4*t. Suppose 0*x = w*x - 18. What is p(x)?
-5
Let p(g) = g**3 - 14*g**2 - 17*g + 29. Let y be p(15). Let u(f) = -f - 1. What is u(y)?
0
Let r(z) = z**3 - 4*z**2 + 4*z - 2. Let q(y) = -y. Suppose -3*w - 1 = -4*w. Let n(h) = w*r(h) + 2*q(h). Give n(3).
-5
Let s(c) = -c**2 - 6*c - 1. Let n be -15 - -13 - (5 - 1). Give s(n).
-1
Let a(n) be the third derivative of -n**5/60 + n**4/12 + 13*n**2. Calculate a(2).
0
Let d = -4 + 9. Let m(r) = -r**3 + 4*r**2 + r + 2. Calculate m(d).
-18
Let s(m) be the third derivative of -17*m**6/120 + m**5/30 - m**4/24 - 2*m**2. Determine s(1).
-16
Let a be (10/240)/(3/9). Let f(l) be the third derivative of 2/3*l**3 - 1/20*l**5 - 3*l**2 + 0*l - a*l**4 + 0 + 1/120*l**6. What is f(3)?
-5
Let c(k) be the first derivative of -1/6*k**3 + k**2 - 1 + 1/30*k**5 + 1/120*k**6 - 1/12*k**4 + 0*k. Let w(x) be the second derivative of c(x). Determine w(-2).
3
Let t(h) = -2*h. Let c = 3 + 7. Let l be t(c). Let g be 1/5 - 56/l. Let f(s) = s + 3. Calculate f(g).
6
Let p be (0 - -1)*-2 + 1. Suppose 15 = 2*k - 4*m + 5, 3*k + 3*m = -3. Let r(d) = k + 0 - d + 8*d. Give r(p).
-6
Suppose 0 = -4*k - 5*p - 4, -2*k - 5*p - 3 = 9. Let a = k - 1. Let f = 4 - a. Let b(w) = -4*w**3 + 2*w**2 - 1. Give b(f).
-3
Let o(n) = -4*n**2 + n. Let p(q) be the third derivative of q**5/60 - q**4/4 - q**3/6 + q**2. Let u be p(7). Let g be 0 + -2*3/u. Give o(g).
-5
Suppose 4*v - 2*z = 18, 0 = -z - 5. Let y(p) = v*p + p - 2*p - 4. Give y(0).
-4
Let p = -2 - -6. Suppose -3*f = 5*x - 2 + 6, -p*f + 14 = -3*x. Let d(s) = 4*s**2 - 2*s - 2. Determine d(f).
10
Let l(s) = -s**2 + 5*s - 2. Suppose 5*u - 5 = 10. Calculate l(u).
4
Let x(v) = v**2 + 4*v - 6. Let a be -1 + -3*16/(-3). Suppose -4*z + a = z. Suppose 0 = -i - z - 2. Calculate x(i).
-1
Suppose -5*x + 46 + 4 = 0. Let r(g) = -2 + x*g - 1 + 2 + 0. Suppose 0*v - 4*o + 20 = -4*v, v + 9 = 2*o. Give r(v).
-11
Let o(r) = r**2 - 1. Suppose -7*f + 5*f = -2. What is o(f)?
0
Let u(t) = -t**3 + 4*t**2 + 2*t**3 + 11 - 13 - t. Give u(-4).
2
Let u(d) be the first derivative of -d**3/3 - 7*d**2/2 - 3*d + 6. Give u(-6).
3
Let w(c) be the third derivative of -c**4/6 + c**3/2 - 3*c**2. What is w(2)?
-5
Suppose 0*v - 12 = v - 2*k, -2*v - 2*k = 0. Let u be 32/12 + 2/(-3). Let t(a) = -3 + 2 - 2 + 8 - a - a**u. What is t(v)?
-7
Let q(i) be the second derivative of i**7/840 + i**6/360 + i**4/6 - 2*i**3/3 + 3*i. Let c(l) be the second derivative of q(l). Suppose 6*y = 3*y. Give c(y).
4
Let x = -17 - -18. Let y(q) = 4*q**2 + 1. Calculate y(x).
5
Let k = 8 - 4. Suppose z = k*z - 9. Let n(v) = -13*v**2 + 8*v + 7. Let b(t) = -3*t**2 + 2*t + 2. Let w(m) = 9*b(m) - 2*n(m). Determine w(z).
1
Let p(r) = -r**3 + 5*r**2 + r. Let o be p(5). Let j(h) = h**2 - 2*h - 7. Determine j(o).
8
Suppose -2*l + 4 = -0. Let c(j) be the second derivative of -1/6*j**3 + 1/12*j**4 + 0 + 0*j**2 - 2*j. Calculate c(l).
2
Let u = -9 + 12. Let r(f) = f**2 - 2*f - 1. Calculate r(u).
2
Suppose -5*n = -l - 9, -3*n - 3*l = 2*l - 11. Let u = n + -2. Let c(b) = b - 12. Give c(u).
-12
Suppose -g - 18 = -4*g. Let w(x) be the third derivative of x**5/60 - x**4/3 + 7*x**3/6 - 2*x**2 - 11*x. What is w(g)?
-5
Let o = -16 - -10. Let w(s) = s**3 - 10*s**2 - 2*s + 21. Let z be w(10). Let a = z + o. Let h(m) = m**2 + 3*m - 4. Determine h(a).
6
Let i(f) = f**3 + f**2 - f + 1. Suppose 5*l = 6*s - 2*s - 28, 4*s - 20 = 3*l. Calculate i(s).
11
Let z(u) be the second derivative of u**4/12 + 11*u**2/2 + 18*u. Calculate z(0).
11
Let v(c) = 5 - 4 - 2*c + 5 - c. Let n(y) = 3*y - 6. Let g(z) = -2*n(z) - 3*v(z). Give g(4).
6
Let g(q) = -q + 27 - 2 - 10 - 12. Give g(-8).
11
Suppose -3*w - 6 = -24. Let h(d) = -d**3 + 5*d**2 + 8*d - 6. Determine h(w).
6
Let q(o) = 1 - 2*o**2 - 2*o + o - 2. What is q(2)?
-11
Let y be 2 - 2*2 - 2. Let z(s) be the second derivative of s**5/20 + s**4/4 - 2*s**3/3 - 5*s**2/2 - 6*s. Let j be z(y). Let u(k) = k. Give u(j).
-5
Let n(l) = -l + 0*l**2 - 3*l - l + 4 - l**2. Suppose -5*k + 6 = 31. Determine n(k).
4
Let b(p) be the first derivative of p**4/12 - p**3/2 + p**2/2 + p - 2. Let z(x) be the first derivative of b(x). What is z(4)?
5
Let p(y) = -y - 8. Suppose 2*q + q = 9. Suppose -q*t = -5*t + 2. Let i = t + -1. Give p(i).
-8
Let p = -1 + 3. Suppose p*g - 12 = 5*o - 1, 4*o - 11 = -5*g. Let u(h) = -3*h + 3. Calculate u(g).
-6
Let n(l) = 3*l + 1. Let x(z) = 7*z + 2. Let g(i) = -9*n(i) + 4*x(i). Let h(k) = 7*k + 1. Let o(v) = 2*g(v) - h(v). Determine o(-2).
7
Let k(l) = -15*l + 13. Let w(x) = -7*x + 6. Let v(s) = -6*k(s) + 13*w(s). Suppose 0*u = -u + 4. Suppose 6 = -u*y - 10, 2*a + 4*y = -10. Determine v(a).
-3
Let m = 13 - 6. Let t(r) = r**3 - 8*r**2 + 7*r + 3. Give t(m).
3
Let y(t) = 1 + 0 - 20*t - 3 + 21*t. Calculate y(-4).
-6
Let m be (-12)/(-4) + 12/3. Let s be (m/(-2) + 3)*-2. Let j(t) be the third derivative of t**4/24 + 2*t**2. What is j(s)?
1
Let p(q) = -q**3 + q**2 + q - 17. Suppose -27*h = -30*h. What is p(h)?
-17
Let q = -1 + 3. Let b(h) = 4*h**q + 2 + 2*h**3 - h**3 - 1 + 3. Calculate b(-4).
4
Let l(h) = 2*h**2 + 2*h**2 - 6*h**2 - 4*h + 2 + 5*h**2. Determine l(3).
17
Let g(d) be the third derivative of -4*d**2 - 1/4*d**4 - d**3 - 1/60*d**5 + 0 + 0*d. Calculate g(-4).
2
Let b(u) = -2*u + 4. Let y = -8 - -11. Give b(y).
-2
Let r(l) be the third derivative of -l**5/60 + l**4/6 - 2*l**2. Give r(3).
3
Let y(a) = -a**3 + a**2 + a - 2. Let z be y(0). Let g(t) = t**2 - 2*t - 3. Let o be g(z). Let m(b) = -b**3 + 6*b**2 - 5*b - 2. What is m(o)?
-2
Let n(b) = b**2 - 2*b. Let a = -11 + 15. Give n(a).
8
Let o be (-228)/(-20) - (-2)/(-5). Let l = o + -8. Let v(h) = 0*h + h - l*h - 3 + 1. Give v(-2).
2
Let o(u) = u**3 - 2*u**2 - 5*u + 2. Let z = 2 - -4. Suppose -k - k = -z. Give o(k).
-4
Let v(u) be the second derivative of u**5/60 - 5*u**4/24 + 2*u**3/3 - 5*u**2 + 10*u. Let a(n) be the first derivative of v(n). Determine a(6).
10
Let z(y) = 2*y**2 - y - 2. Let i = 4 + 0. Let p be (-6)/4 - i/8. What is z(p)?
8
Let f(u) = u**3 - 5*u**2 + u - 7. Let x = 21 - 16. What is f(x)?
-2
Let g(r) = -9*r**2 - 19*r. Let z(w) = 4*w**2 + 9*w. Let n(f) = -3*g(f) 